e hundreds digit of h?
2
Let s = 298 - 289. Suppose -5*k - 2*d + 483 = 0, -s*k - 2*d + 198 = -7*k. What is the tens digit of k?
9
Suppose -2*b = d - 3546, 105*b + 8850 = 110*b - 5*d. What is the units digit of b?
2
Let o = 244 - 246. What is the units digit of (-253)/(o/(-6)*-3*1)?
3
Let u = 8578 + -4274. What is the thousands digit of u?
4
Suppose 25077*k = 25074*k + 52770. What is the units digit of k?
0
Suppose 2*o - 9 = -2*z - 1, 0 = 2*o + 4*z - 6. Suppose x + o*h + 48 - 1 = 0, 2*x + 73 = -3*h. What is the tens digit of (-2 - x) + (-2)/4*4?
2
Let l(x) = 2*x + 47. Let m be l(-8). Suppose -570 - m = -v + 3*s, -s + 1823 = 3*v. What is the hundreds digit of v?
6
Suppose 12 = 15*p - 19*p, 5*p + 3 = 4*s. What is the units digit of (-1)/s*(612 + 3)?
5
Let k = 37 + -35. Suppose 11*y = 8*y - k*g + 626, g + 5 = 0. What is the tens digit of y?
1
Let g(a) = a**3 - 4*a**2 - 2*a - 10. Let b be g(5). Suppose -4*h + 5*l + 43 = 16, -b*h + 5*l + 30 = 0. Suppose -39 = -h*j + 138. What is the units digit of j?
9
Let f(u) = 3861*u + 2942. What is the hundreds digit of f(9)?
6
Let y(c) = c**3 - 5*c**2 - 2*c + 392. Let x be (-58)/319 + 2/11. What is the units digit of y(x)?
2
Let f = -520 + 530. Suppose -f*r + 130 = -970. What is the units digit of r?
0
What is the thousands digit of (27 - (-398840)/56)*(-14)/(-4)?
5
Let n = 228 - 62. Suppose 0 = -2*u + 284 + n. What is the units digit of u?
5
Suppose 0*f = -14*f + 3640. Let w = -103 + f. What is the hundreds digit of (-1 + (-4)/(-2))/(1/w)?
1
Let l(x) = -x**3 - 70*x**2 - 352*x + 340. What is the units digit of l(-70)?
0
Let v = -1 + 1. Let c = -232 + 232. Suppose 3*g - 4*d - 296 = c, v*g - 4*g + 428 = 3*d. What is the hundreds digit of g?
1
Let j = 3018 - 1450. What is the thousands digit of j + (-8)/24*-18?
1
What is the tens digit of -2 + (-61810)/(-5) + -14?
4
Let q be 765/204 + -5*2/(-8). Suppose -5*t = -4*k - 2269, -q*t + 2*k = -k - 2273. What is the hundreds digit of t?
4
What is the tens digit of (-2)/(-4)*46554*1?
7
Let h(k) = k**2 - 14*k + 27. Suppose -10*n - 285 = -15*n. Suppose 3*s - n = -18. What is the tens digit of h(s)?
1
Suppose 4*f = -d + 16357, 4*f - 11782 = d + 4565. What is the thousands digit of f?
4
What is the hundreds digit of 420/(-56)*((-2422)/3 - (-2 + -2))?
0
Suppose 8*a = -5*a + 3*a. Suppose -z + 2*z - 759 = 0. Suppose a = -12*n + n + z. What is the units digit of n?
9
Suppose -n - 5*r + 5 = 0, 0 = -4*n + r - 1. Suppose -895 = -3*h + l, -2*l + n*l = 5*h - 1510. What is the hundreds digit of h?
3
Let h = -21053 + 63890. What is the tens digit of h?
3
Suppose -4*v = 3*a - 116620, 3*v + 96661 - 18954 = 2*a. What is the tens digit of a?
6
Let k(w) = -9*w - 5. Let f be k(-1). Let t be (-9)/(36/(-32)) - f. Suppose -2*h = -t*s + 118, 2*s - 4*h = -2*s + 128. What is the tens digit of s?
2
Let u be (((-20)/(-3))/5)/((-5)/(-15)). Suppose u = 2*t, 3*f - 3417 = -t - 2*t. What is the hundreds digit of f?
1
What is the units digit of 3/5 - ((-10)/95 + (-1624518)/1995)?
5
Suppose -60 = 10*s - 100. Suppose 3*t = -0*i + i - 574, -4*t = -s*i + 2272. What is the tens digit of i?
6
Let m = 132869 + -76313. What is the hundreds digit of m?
5
Suppose -14*o + 11*o + 9 = 0. Suppose 2*y - 8 = d + 170, 0 = -o*y + 2*d + 265. What is the units digit of y?
1
Suppose 5*s - 10*s = -1470. Suppose -11 = -y - s. Let r = -196 - y. What is the tens digit of r?
8
Let x(i) = -i**3 - 26*i**2 - 124*i + 58. What is the units digit of x(-35)?
3
Suppose -p = -4*w - 179, -p = -2*p + 3*w + 175. Let k = p + -53. What is the tens digit of k?
1
Let q(z) = -z**3 + 10*z**2 - 9*z + 2. Let x be q(9). Suppose 19 = -x*k + 3*t - 0*t, t = 2*k + 25. What is the tens digit of 13/91 - 1230/k?
8
Let x be 27339/9 + (1 - (-10)/(-6)). Let o = -1674 + x. What is the hundreds digit of o?
3
Let m = 37037 - 25622. What is the tens digit of m?
1
Let x(b) = -b**2 + 27. Let j be x(-5). Let s be (27/j)/(((-18)/76)/9). Let u = s - -784. What is the units digit of u?
1
Let y(t) = -t**2 - 21*t + 55. Let s be y(-26). What is the units digit of (1/5 + 120/s)*-5?
7
Let l be (-205)/6 + 1/6. Suppose 0 = 5*w + 3*a - 63 + 345, 5*w + 262 = 2*a. Let o = l - w. What is the units digit of o?
0
Let f be (114/(-24) + 5)/(3/24). Suppose 3*r - f*r + t - 477 = 0, -4*t - 12 = 0. What is the hundreds digit of r?
4
Suppose 0 = -3*z - b + 40, 56 = 3*z + 4*b + b. Let a be 4/(-2) + 1 + 7. Suppose z*v = a*v + 336. What is the tens digit of v?
5
Let b(c) = -c**3 + 78*c**2 - 158*c - 622. What is the hundreds digit of b(70)?
5
Let i(w) = 12*w + 188. Let s be i(8). Suppose -285*t + 727 = -s*t. What is the units digit of t?
7
Suppose 1710 = -7*a - 3*a. Let n = -97 - a. What is the units digit of n?
4
Let m be -4 - (-1 - 37) - (5 - 2). Suppose -1701 = 4*r - m*r. What is the units digit of r?
3
Let x(n) = -291*n - 55. Let z be x(-16). Suppose 4*t - 6143 = -3*h, 8*h - 4*h + z = 3*t. What is the tens digit of t?
3
Suppose 0*c + 17*c + 9*c = 105768. What is the hundreds digit of c?
0
Suppose -5*v = 176 - 56. What is the units digit of (0 + (-16)/v)*(-3573)/(-2)?
1
Let d(l) = -l**2 + 40*l + 32. Let j(k) = k**2 - 4*k - 26. Let u be j(-5). What is the tens digit of d(u)?
3
Let y(s) = 32*s. Let z be y(1). Let i(c) = z*c**2 - c - 2 - c + 227*c**2. What is the units digit of i(-1)?
9
Let i(c) = c - 15. Let l be i(15). Suppose -11*v - 51 + 7982 = l. What is the hundreds digit of v?
7
Suppose 2*n - z - 29 = 0, 0 = -n + 2*z + 17 - 4. Let k = 76 - n. What is the tens digit of k?
6
Let t = 496 - 493. Suppose 0 = 3*f + t*h - 2517, -f + 2*h + 479 = -372. What is the units digit of f?
3
Suppose 6*s - u = 261691, 0 = 5*s + 61*u - 58*u - 218095. What is the tens digit of s?
1
Suppose 0 = -159*g + 890230 + 552366 + 357602. What is the units digit of g?
2
Let w = 109 + -23. Let u be 1/((-14)/(-2)) + (-4812)/(-28). Let n = u - w. What is the units digit of n?
6
Let g(m) = 4*m - 2. Suppose x = -3*x. Suppose -2*b - 3*t + 4*t + 13 = x, -2*b + 28 = -4*t. What is the units digit of g(b)?
4
Suppose -25530 = 4*x + 2*r - 127794, -x + 4*r = -25548. What is the thousands digit of x?
5
Let m = -7192 - -21188. What is the units digit of m?
6
Let g = 3689 + 4463. What is the units digit of g?
2
Suppose 7956*a = 7961*a - 18880. What is the tens digit of a?
7
Let t = 1105 + -2970. Let r = t - -3081. What is the tens digit of r?
1
Let p(j) = -61*j + 5477. What is the tens digit of p(-48)?
0
Suppose 23*s - 19*s + 9287 = 3*o, 3*s = -4*o + 12416. What is the thousands digit of o?
3
Suppose 1821 = 3*v - 3*g, -g - 831 - 984 = -3*v. Suppose -241*y + 243*y - v = 0. What is the units digit of y?
2
Let q be -6 + 30 - 8/2. Suppose -5*p - 2*w = w - q, -w = -p + 4. What is the tens digit of ((-530)/25 + -2)/(p/(-30))?
7
What is the units digit of 133794/12*78/117?
3
Suppose 47991 = 3*g + 3*o, -o = -3*g + 2*o + 47979. Suppose 37*r = g + 4207. What is the hundreds digit of r?
5
Let g(h) = -2427*h + 170. What is the thousands digit of g(-8)?
9
What is the ten thousands digit of 4 + -5 + (7 + 15436)/1 + -4?
1
Let y = -46340 + 65627. What is the thousands digit of y?
9
What is the hundreds digit of 172/(-301) - 42330/(-14)?
0
Suppose -3*k = 4*x - 3*x, 4*k + 4 = 0. Suppose g - x*n - 352 = 0, 13*n + 1830 = 5*g + 12*n. What is the units digit of g?
7
Let x = 2308 - 2305. Suppose -5*k - 3*o + 132 = 0, 0 = 2*k - 6*k + 2*o + 88. Let d = k - x. What is the units digit of d?
1
Let s(p) = 1078*p + 139. What is the hundreds digit of s(10)?
9
Suppose 49 = 2*a - 3*a. Let y = 29 + a. Let r = y + 66. What is the units digit of r?
6
Suppose 0 = a + 15*t - 17*t - 9704, 0 = 2*a - 3*t - 19413. What is the units digit of a?
4
Let t(v) = v**3 + 8 - 7 - 2*v + 5*v**3. Let r be t(1). Suppose -r*d = -5*a - 125, -25 = 3*d - 4*d - 3*a. What is the tens digit of d?
2
Let a(k) = -k**3 - 16*k**2 - 30*k + 29. Let q be a(-12). Let x = 73 + -342. Let z = q - x. What is the units digit of z?
2
What is the tens digit of ((8 - 14) + -2 + 3)/(3/(-3138))?
3
Let a be -2*1*(-2516)/34. Suppose -9*i + a = -2246. What is the hundreds digit of i?
2
Let a = 122 - -14. Suppose a = 2*z - 52. What is the units digit of z?
4
Let d be -215*(-6 - -10 - 5). Suppose -d = -2*z + 399. What is the units digit of z?
7
Let j(y) = 2 - 9*y**2 - 6*y**2 - 5 + 14 + 25*y. Let d(u) = 7*u**2 - 12*